 divided by (9 + (-55)/5)/2 + 3?
1
Let y = 37 + -40. Calculate the remainder when 66 is divided by (-7)/(-4)*(y + -1 + 24).
31
Let i be (-2)/(-2) + (6 - 11) + 102. Let a = 172 - i. Calculate the remainder when a is divided by 19.
17
Let v(a) = -a**3 - a**2 + 14*a + 5. What is the remainder when v(-5) is divided by 20?
15
Let f(m) = 15*m**3 - 2*m**2 + 36*m - 34. Let r = 121 + -19. What is the remainder when r is divided by f(1)?
12
Let y(u) = u - 22. Let n be y(-21). Let v = n + 56. What is the remainder when 90 is divided by v?
12
Let w = -18 + 25. Suppose w*d - 11*d + 60 = 0. Calculate the remainder when 57 is divided by d.
12
Let n = -269 - -449. What is the remainder when n is divided by 47?
39
What is the remainder when (-856)/(-7) + (-44)/154 is divided by 68?
54
Let i(q) = q**2 - 5*q - 5. Let g be i(6). Let b be (1 - (g + 4)) + 8. Calculate the remainder when 55 is divided by (-1 - -3)*9 - b.
13
Let d(v) = -v**2 - 25*v + 36. Calculate the remainder when d(-21) is divided by 11.
10
Suppose -3*m + 24 + 0 = 0. Suppose -70 = 39*d - 44*d. What is the remainder when d is divided by m?
6
Suppose 0 = -4*h + 5*t - 108 + 7, t + 3 = 0. Let d = h + 49. Calculate the remainder when d is divided by 7.
6
Let s(g) = -g**3 + 22*g**2 - 37*g - 55. What is the remainder when 44 is divided by s(20)?
4
Let w(b) = -b + 2. Suppose 3*h = -2*m + 4, 5*m - h = -12 - 12. Calculate the remainder when 308/10 - m/20 is divided by w(-6).
7
Let y = -18 - -20. Suppose 5*v + 0*v + 45 = 2*x, x = y*v + 23. Calculate the remainder when 1/(-6) + (-614)/(-12) - 3 is divided by x.
23
Suppose -n - 8 = 7*n. What is the remainder when 143 is divided by (3/1)/(n/(-16))?
47
Suppose -8 = 2*m - 92. Calculate the remainder when 2/13 + 30343/247 is divided by m.
39
Let p be (-1)/((-3)/(-60)*4). Let s(m) = m**2 + 4*m - 9. Let a be s(p). Let c = a + 12. What is the remainder when 15 is divided by c?
7
Let p be 1 - 21*(-2)/(-6). Let j = 8 + p. Let k(i) = -i**2 - 3*i + 5. What is the remainder when j is divided by k(-4)?
0
Let n be 10/(-15) - 94/(-6). Suppose -n*v + 705 = -1170. What is the remainder when v is divided by 8?
5
Let j(p) = 6*p**2 + 3*p - 16. What is the remainder when 289 is divided by j(-3)?
28
Let j(f) be the second derivative of f**3/6 - 14*f. Let k(v) = -9*v**3 - v**2. Let h be k(-1). Calculate the remainder when 31 is divided by j(h).
7
Let i = -436 + 462. Calculate the remainder when 103 is divided by i.
25
Let o(p) = -p**2 - 3*p + 75. Calculate the remainder when 59 is divided by o(-10).
4
Let l = -117 + 187. What is the remainder when l is divided by 18?
16
Suppose d - 4*a - 111 = 0, 0*d - a - 300 = -3*d. Calculate the remainder when 590 is divided by d.
95
Suppose 20*b + 30 = -17*b + 47*b. Let h(g) = -3*g - 9. What is the remainder when h(-6) is divided by b?
0
Let i(s) = s**3 + 4*s**2 - 2*s + 7. Let w be i(-5). Let n = w + 15. Suppose l - 4 = 15. Calculate the remainder when l is divided by n.
5
Suppose -36 = f - 3*f + 4*d, 24 = 2*f + 2*d. Calculate the remainder when (1/(-3))/((-3)/603) is divided by f.
11
Let j = 7 - 3. Suppose -3*s - 26 = -4*d - j, 2*s + 24 = 5*d. Suppose 2*i - 50 = -d*t, 0 = -4*i - t + 4 + 61. What is the remainder when 59 is divided by i?
14
Let t = 14 + -10. Suppose -t*h + 16 = 48. What is the remainder when 27 is divided by (1 - 0)/(h/(-120))?
12
Let b(o) = -o**2 + 18*o - 3. Let n be 111/3 + 3 + 3. Suppose 2*x - i = -x + n, 5*x = -i + 77. Calculate the remainder when b(x) is divided by 15.
12
Calculate the remainder when 22 is divided by (-76)/16 + (-6)/(-8) - -17.
9
What is the remainder when 183/9 - (-1)/(-3) is divided by (20/3 - 4/6) + 143 + -141?
4
Let w = -1 + -3. Let o be ((-1)/(w/(-16)))/(-2). What is the remainder when o*(1 - 51/(-2)) is divided by 14?
11
Let q(a) = -2*a**3 - 3*a**2 - 3*a - 2. What is the remainder when (4 - 90/21) + 464/7 is divided by q(-3)?
32
Suppose g = 87*s - 82*s - 67, -4*g + 68 = 4*s. Calculate the remainder when s is divided by (-2 - -1 - -1) + 8.
6
Suppose -3*b + 3*u = -0*u - 90, -4*u = b - 20. Let f = b + -13. Calculate the remainder when 74 is divided by f.
14
What is the remainder when 6 is divided by (3/(-2))/(39/(-104))?
2
Let r(l) = -18*l - 3. Let j be r(-3). Suppose -k + 0*k = -j. What is the remainder when k is divided by 26?
25
Let p = 1081 + -1030. What is the remainder when 98 is divided by p?
47
Let h(m) = -m**3 - m**2 + 8*m - 10. Let n be h(4). Let y = n + 90. Calculate the remainder when y is divided by 19.
13
Let v(o) = o. Let a be v(5). Let x = 11 + a. What is the remainder when 63 is divided by x?
15
Suppose -x + 49 = -0*x. Let z be 0 + (-1 + -1 - -6). What is the remainder when x is divided by 0 - -13 - z/(-24)*0?
10
Let h be (-2 - 61)*46/(-6). Suppose 3*n = -4*n + h. Calculate the remainder when n is divided by 35.
34
Let i(p) = -p**3 - 13*p**2 - 7*p - 10. Let v be i(-13). Suppose v = 2*k + 45. What is the remainder when 159 is divided by k?
15
Suppose 0 = -3*a - a + 64. What is the remainder when (12/(-14))/((-24)/1680) is divided by a?
12
Let u(o) = 8*o - 3. Let j be u(-4). Let p be (0 - -2)/((-21)/(-609)). Let a = j + p. Calculate the remainder when a is divided by 6.
5
Suppose 49 = -r - 51. Let s = r - -117. What is the remainder when 46 is divided by s?
12
Let q(o) = 2*o**3 - 20*o**2 + 41*o - 19. What is the remainder when 60 is divided by q(8)?
7
Let t be (-12)/((-1)/4 - -1). Suppose 97*p = 96*p + 9. What is the remainder when p is divided by (t - -1)*(-5)/15?
4
Calculate the remainder when 1361 is divided by 264/(-21)*462/(-132).
41
Let n(s) = -s**3 + 6*s**2 - s - 3. Suppose 2*x = -4*j + 20, 3*j + 2 = -4*x + 12. What is the remainder when n(5) is divided by j?
5
Suppose -r + 12*r - 110 = 0. What is the remainder when 20 is divided by r?
0
Let l be ((-1008)/22 + (-2)/11)*-1. Suppose 2*k - l = -2*j + 28, -4*j + 148 = 5*k. Calculate the remainder when 182 is divided by j.
34
Let c = 2097 - 2064. Calculate the remainder when 1417 is divided by c.
31
Let u = 16 - 12. Let r be (-3 + 6)/(u + -3). Calculate the remainder when 8 is divided by 8/(-2) + r + 4.
2
Let k be 3/(-5) - 616/(-35). Suppose 0 = -l + i + 5, 2*i = 4*l + i - k. What is the remainder when 11 is divided by l?
3
Suppose -4*k + k + 102 = -3*q, -2*k + 4*q + 62 = 0. Let m = k + -8. Calculate the remainder when 85 is divided by m.
27
Suppose -11*q + 5*q = -402. Let g = q - 55. Let j(o) = -o**3 - 4*o**2 + 7*o - 8. What is the remainder when j(-6) is divided by g?
10
Let s = -638 - -669. Calculate the remainder when 495 is divided by s.
30
Suppose -6*q - 35 = -13*q. Suppose 0*h = -q*h + 115. Calculate the remainder when h is divided by 6.
5
Let o be (6/4)/(-5*21/(-6580)). Let v = -31 + o. Let k = -22 + 44. Calculate the remainder when v is divided by k.
19
Let m(o) = -2*o**3 + 7*o**2 - 7*o - 1. Let t(f) = -3*f**3 + 11*f**2 - 11*f - 1. Let n(s) = 8*m(s) - 5*t(s). What is the remainder when n(-4) is divided by 17?
13
Let v(p) = -4*p**2 + 8*p + 18. Let y(x) = -5*x**2 + 7*x + 19. Let g(q) = 4*v(q) - 3*y(q). What is the remainder when 59 is divided by g(11)?
14
Suppose -2*x - 2*z - 2*z = -12, 0 = 3*x + 4*z - 10. Let p be ((-114)/(-6))/((-1)/x). Let h = p + -27. Calculate the remainder when 43 is divided by h.
10
What is the remainder when 5 + -3*(5 - 108) is divided by 21?
20
Let c be (-4)/(-6) - (-4 + 66/18). Suppose -m - c = -5*t + 82, 2*m - 38 = -2*t. Calculate the remainder when 11*9*2/3 is divided by t.
15
Suppose 0 = -4*s + 12, 4*x - 2*s = x + 201. Let w = x + -59. Calculate the remainder when 38 is divided by w.
8
Let f(t) = -53*t - 97. What is the remainder when f(-3) is divided by 16?
14
Suppose -5*w + 2*s + 3*s + 410 = 0, -246 = -3*w + 5*s. Suppose -355 = -3*q - w. Calculate the remainder when q is divided by 23.
22
Suppose 96*u = 93*u + 435. What is the remainder when u is divided by 7?
5
Suppose 1038 = 22*x + 202. What is the remainder when 94 is divided by x?
18
Let l be (1 + (-136)/24)*(2 + 1). What is the remainder when 61 is divided by (-4)/l - 0 - (-801)/63?
9
Let w = 77 + -75. Let u = 5 + w. Calculate the remainder when 30 is divided by u.
2
Suppose 19*a = 36*a - 3298. What is the remainder when a is divided by 33?
29
Suppose 5*x + 13*k - 10*k = 598, 4*x = k + 475. What is the remainder when x is divided by 30?
29